{"id":552,"date":"2021-02-04T13:06:55","date_gmt":"2021-02-04T18:06:55","guid":{"rendered":"https:\/\/smho-smso.ca\/fwsecondary\/?page_id=552"},"modified":"2022-02-09T14:37:54","modified_gmt":"2022-02-09T19:37:54","slug":"etre-reconnaissant","status":"publish","type":"page","link":"https:\/\/smho-smso.ca\/fwsecondary\/motivation-positive-et-perseverance\/la-gratitude\/etre-reconnaissant\/","title":{"rendered":"\u00catre reconnaissant"},"content":{"rendered":"\n<div class='accordion md-accordion' id='accordion0' role='tablist' aria-multiselectable='true'><div class='card'><div class='card-header' role='tab' id='Instructions-0'><a data-toggle='collapse' data-parent='#accordion0' href='#collapseOneInstructions-0' aria-expanded='true' aria-controls='collapseOneInstructions-0'><h3 class='mb-0'><em class='fas fa-angle-down rotate-icon'><\/em> Instructions<\/h3><\/a><\/div><div id='collapseOneInstructions-0' class='collapse show' role='tabpanel' aria-labelledby='collapseOneInstructions-0' data-parent='#accordion0'><div class='card-body'><p>Fournissez aux \u00e9l\u00e8ves le contexte de la pratique (voir la section \u00ab Donn\u00e9es probantes \u00bb).<\/p>\n<ul>\n<li>Commencez par une minute de silence pour que les \u00e9l\u00e8ves pensent \u00e0 quelque chose pour laquelle ils sont reconnaissants, puis \u00e9changez \u00e0 tour de r\u00f4le (en petits groupes ou en classe).<\/li>\n<li>Demandez aux \u00e9l\u00e8ves de faire conna\u00eetre leurs pens\u00e9es en un mot ou une phrase d\u00e8s qu\u2019ils l\u2019ont en t\u00eate.<\/li>\n<\/ul>\n<p>REMARQUE : La co-cr\u00e9ation de normes d\u2019inclusion, de respect de la diversit\u00e9, de compassion et de collaboration en classe aidera \u00e0 cr\u00e9er des discussions dans un climat \u00e9motionnel positif et s\u00e9curitaire. Pour assurer un dialogue respectueux, les normes doivent \u00eatre co-cr\u00e9\u00e9es \u00e0 l\u2019avance et rappel\u00e9es aux \u00e9l\u00e8ves tout au long de l\u2019activit\u00e9. (\u00c9tablir dans vos normes que les \u00e9l\u00e8ves peuvent passer leur tour.)<\/p>\n<\/div><\/div><\/div><div class='card'><div class='card-header' role='tab' id='Adaptations-0'><a data-toggle='collapse' data-parent='#accordion0' href='#collapseOneAdaptations-0' aria-expanded='false' aria-controls='collapseOneAdaptations-0'><h3 class='mb-0'><em class='fas fa-angle-down rotate-icon'><\/em> Adaptations<\/h3><\/a><\/div><div id='collapseOneAdaptations-0' class='collapse' role='tabpanel' aria-labelledby='collapseOneAdaptations-0' data-parent='#accordion0'><div class='card-body'><p>Ceci peut aussi \u00eatre fait en tant qu&#8217;activit\u00e9 d\u2019apprentissage ind\u00e9pendante o\u00f9 l&#8217;enseignant partage les r\u00e9ponses du groupe, plut\u00f4t que de demander \u00e0 chaque \u00e9l\u00e8ve de partager leur r\u00e9flexion.<\/p>\n<\/div><\/div><\/div><div class='card'><div class='card-header' role='tab' id='Donnes-probantes-0'><a data-toggle='collapse' data-parent='#accordion0' href='#collapseOneDonnes-probantes-0' aria-expanded='false' aria-controls='collapseOneDonnes-probantes-0'><h3 class='mb-0'><em class='fas fa-angle-down rotate-icon'><\/em> Donn\u00e9es probantes<\/h3><\/a><\/div><div id='collapseOneDonnes-probantes-0' class='collapse' role='tabpanel' aria-labelledby='collapseOneDonnes-probantes-0' data-parent='#accordion0'><div class='card-body'><p>La gratitude est un concept li\u00e9 au mouvement de psychologie positive qui refl\u00e8te la valeur associ\u00e9e \u00e0 une vision du monde optimiste (Bartlett et DeSteno, 2006). De nombreux programmes fond\u00e9s sur des donn\u00e9es probantes, con\u00e7us pour accro\u00eetre l\u2019optimisme et r\u00e9duire les sympt\u00f4mes d\u00e9pressifs, proposent des activit\u00e9s qui aident les \u00e9l\u00e8ves \u00e0 \u00ab\u00a0trouver le bon c\u00f4t\u00e9 des choses\u00a0\u00bb en toute situation. Selon les \u00e9tudes, le fait de reconna\u00eetre les actes de gratitude et de les offrir \u00e0 d\u2019autres personnes s\u2019est av\u00e9r\u00e9 b\u00e9n\u00e9fique non seulement \u00e0 la personne qui a fait preuve de gratitude, mais \u00e9galement \u00e0 celle qui en a fait l\u2019objet (Kleinman, et al., 2013). Faire l\u2019exp\u00e9rience de la gratitude nous rend plus apte \u00e0 aider les autres, ce qui peut donner l\u2019occasion \u00e0 d\u2019autres personnes de faire l\u2019exp\u00e9rience de la gratitude (Bartlett et DeSteno, 2006).<\/p>\n<\/div><\/div><\/div><div class='card'><div class='card-header' role='tab' id='Rfrences-0'><a data-toggle='collapse' data-parent='#accordion0' href='#collapseOneRfrences-0' aria-expanded='false' aria-controls='collapseOneRfrences-0'><h3 class='mb-0'><em class='fas fa-angle-down rotate-icon'><\/em> R\u00e9f\u00e9rences<\/h3><\/a><\/div><div id='collapseOneRfrences-0' class='collapse' role='tabpanel' aria-labelledby='collapseOneRfrences-0' data-parent='#accordion0'><div class='card-body'><p>Bartlett, M. Y., &amp; DeSteno, D. (2006). Gratitude and prosocial behavior: Helping when it costs you. <em>Psychological science, 17<\/em>(4), 319-325.<\/p>\n<p>Kleiman, E. M., Adams, L. M., Kashdan, T. B., &amp; Riskind, J. H. (2013). Gratitude and grit indirectly reduce risk of suicidal ideations by enhancing meaning in life: Evidence for a mediated moderation model. <em>Journal of Research in Personality, 47<\/em>(5), 539-546.<\/p>\n<\/div><\/div><\/div><div class='card'><div class='card-header' role='tab' id='Connexions-au-catholicisme-0'><a data-toggle='collapse' data-parent='#accordion0' href='#collapseOneConnexions-au-catholicisme-0' aria-expanded='false' aria-controls='collapseOneConnexions-au-catholicisme-0'><h3 class='mb-0'><em class='fas fa-angle-down rotate-icon'><\/em> Connexions au catholicisme<\/h3><\/a><\/div><div id='collapseOneConnexions-au-catholicisme-0' class='collapse' role='tabpanel' aria-labelledby='collapseOneConnexions-au-catholicisme-0' data-parent='#accordion0'><div class='card-body'><p>L\u2019expression \u00e9crite peut \u00eatre un outil utile pour r\u00e9fl\u00e9chir aux nombreuses b\u00e9n\u00e9dictions, opportunit\u00e9s et beaut\u00e9s du monde qui nous entourent, et cr\u00e9er un sentiment plus profond de connexion \u00e0 Dieu et aux autres.<\/p>\n<p>La pratique de notre foi catholique est centr\u00e9e sur la gratitude et la reconnaissance de Dieu.<\/p>\n<p>En tant que catholiques, il nous est rappel\u00e9 que nous recevons quotidiennement des b\u00e9n\u00e9dictions de Dieu et des uns des autres.<\/p>\n<\/div><\/div><\/div><div class='card'><div class='card-header' role='tab' id='Profil-des-finissants-des-coles-catholiques-0'><a data-toggle='collapse' data-parent='#accordion0' href='#collapseOneProfil-des-finissants-des-coles-catholiques-0' aria-expanded='false' aria-controls='collapseOneProfil-des-finissants-des-coles-catholiques-0'><h3 class='mb-0'><em class='fas fa-angle-down rotate-icon'><\/em> Profil des finissants des \u00e9coles catholiques<\/h3><\/a><\/div><div id='collapseOneProfil-des-finissants-des-coles-catholiques-0' class='collapse' role='tabpanel' aria-labelledby='collapseOneProfil-des-finissants-des-coles-catholiques-0' data-parent='#accordion0'><div class='card-body'><p>(1e) Un croyant qui vit chaque jour sa foi dans la communaut\u00e9 catholique et qui donne un sens \u00e0 sa vie \u00e0 la lumi\u00e8re de la foi chr\u00e9tienne.<\/p>\n<\/div><\/div><\/div><\/div>\n","protected":false},"excerpt":{"rendered":"<p>Aider les \u00e9l\u00e8ves \u00e0 se concentrer sur une perspective positive en leur faisant r\u00e9fl\u00e9chir aux bonnes choses qui leur arrivent et \u00e0 rechercher le positif et le bien dans les choses qui les entourent<\/p>\n","protected":false},"author":2,"featured_media":863,"parent":172,"menu_order":0,"comment_status":"closed","ping_status":"closed","template":"practice-template.php","meta":{"_acf_changed":false,"footnotes":""},"categories":[123,151,113,137,129,115,145],"tags":[],"class_list":["post-552","page","type-page","status-publish","has-post-thumbnail","hentry","category-aucun-materiel-requis","category-hebdomadaire","category-inclure","category-motivation-positive-et-perseverance","category-option-virtuelle","category-promouvoir","category-quotidienne"],"acf":[],"_links":{"self":[{"href":"https:\/\/smho-smso.ca\/fwsecondary\/wp-json\/wp\/v2\/pages\/552","targetHints":{"allow":["GET"]}}],"collection":[{"href":"https:\/\/smho-smso.ca\/fwsecondary\/wp-json\/wp\/v2\/pages"}],"about":[{"href":"https:\/\/smho-smso.ca\/fwsecondary\/wp-json\/wp\/v2\/types\/page"}],"author":[{"embeddable":true,"href":"https:\/\/smho-smso.ca\/fwsecondary\/wp-json\/wp\/v2\/users\/2"}],"replies":[{"embeddable":true,"href":"https:\/\/smho-smso.ca\/fwsecondary\/wp-json\/wp\/v2\/comments?post=552"}],"version-history":[{"count":9,"href":"https:\/\/smho-smso.ca\/fwsecondary\/wp-json\/wp\/v2\/pages\/552\/revisions"}],"predecessor-version":[{"id":1510,"href":"https:\/\/smho-smso.ca\/fwsecondary\/wp-json\/wp\/v2\/pages\/552\/revisions\/1510"}],"up":[{"embeddable":true,"href":"https:\/\/smho-smso.ca\/fwsecondary\/wp-json\/wp\/v2\/pages\/172"}],"wp:featuredmedia":[{"embeddable":true,"href":"https:\/\/smho-smso.ca\/fwsecondary\/wp-json\/wp\/v2\/media\/863"}],"wp:attachment":[{"href":"https:\/\/smho-smso.ca\/fwsecondary\/wp-json\/wp\/v2\/media?parent=552"}],"wp:term":[{"taxonomy":"category","embeddable":true,"href":"https:\/\/smho-smso.ca\/fwsecondary\/wp-json\/wp\/v2\/categories?post=552"},{"taxonomy":"post_tag","embeddable":true,"href":"https:\/\/smho-smso.ca\/fwsecondary\/wp-json\/wp\/v2\/tags?post=552"}],"curies":[{"name":"wp","href":"https:\/\/api.w.org\/{rel}","templated":true}]}}