{"id":526,"date":"2021-02-04T12:59:59","date_gmt":"2021-02-04T17:59:59","guid":{"rendered":"https:\/\/smho-smso.ca\/fwsecondary\/?page_id=526"},"modified":"2022-02-09T09:36:59","modified_gmt":"2022-02-09T14:36:59","slug":"trouver-des-solutions","status":"publish","type":"page","link":"https:\/\/smho-smso.ca\/fwsecondary\/relations-saines\/la-resolution-de-conflit\/trouver-des-solutions\/","title":{"rendered":"Trouver des solutions"},"content":{"rendered":"\n<div class='accordion md-accordion' id='accordion0' role='tablist' aria-multiselectable='true'><div class='card'><div class='card-header' role='tab' id='Instructions-0'><a data-toggle='collapse' data-parent='#accordion0' href='#collapseOneInstructions-0' aria-expanded='true' aria-controls='collapseOneInstructions-0'><h3 class='mb-0'><em class='fas fa-angle-down rotate-icon'><\/em> Instructions<\/h3><\/a><\/div><div id='collapseOneInstructions-0' class='collapse show' role='tabpanel' aria-labelledby='collapseOneInstructions-0' data-parent='#accordion0'><div class='card-body'><p>Initiez une br\u00e8ve discussion avec la classe sur les causes des conflits (laissez les \u00e9l\u00e8ves r\u00e9fl\u00e9chir) et sur les bonnes strat\u00e9gies pour les r\u00e9soudre.\u00a0Demandez aux \u00e9l\u00e8ves de prendre des notes sur les \u00e9tapes \u00e0 suivre lorsqu\u2019ils sont impliqu\u00e9s dans des d\u00e9saccords ou des conflits\u00a0:<\/p>\n<ol>\n<li><strong>Reconnaissez le conflit \u2013<\/strong>\u00a0ce sur quoi nous ne sommes pas d\u2019accord (p.\u00a0ex., une opinion, un but, une croyance ou une ressource).<\/li>\n<li><strong>\u00c9coutez<\/strong> activement ce que chacun a \u00e0 dire.<\/li>\n<li><strong>Clarifiez<\/strong> en utilisant le \u00ab je \u00bb dans les messages et sur un ton calme.<\/li>\n<\/ol>\n<ul>\n<li style=\"list-style-type: none\">\n<ul>\n<li>Utilisez le contact visuel.<\/li>\n<li>Dites \u00e0 la personne\u00a0: \u00ab\u00a0J\u2019ai un probl\u00e8me&#8230;\u00a0\u00bb<\/li>\n<li>D\u00e9crivez le probl\u00e8me ou le comportement d\u2019une mani\u00e8re non mena\u00e7ante : \u00ab\u00a0Je pense que le probl\u00e8me est&#8230;\u00a0\u00bb<\/li>\n<li>Dites \u00e0 la personne ce que vous pensez du probl\u00e8me : \u00ab\u00a0Quand tu fais \u00e7a&#8230; je me sens&#8230;\u00a0\u00bb<\/li>\n<\/ul>\n<\/li>\n<\/ul>\n<ol start=\"4\">\n<li><strong>Changez de c\u00f4t\u00e9 <\/strong>\u2013 l\u2019autre personne parle \u00e0 son tour (revoir l\u2019\u00e9tape 3).<\/li>\n<li>Essayez de <strong>rester calme<\/strong> jusqu\u2019\u00e0 ce qu\u2019une solution profitable pour les deux parties soit trouv\u00e9e.<\/li>\n<\/ol>\n<p>Affichez le processus de remue-m\u00e9ninges et encouragez les \u00e9l\u00e8ves \u00e0 revoir et \u00e0 utiliser le mod\u00e8le \u00ab\u00a0Trouver des solutions\u00a0\u00bb dans la r\u00e9solution quotidienne de leurs d\u00e9saccords ou de leurs conflits.<\/p>\n<\/div><\/div><\/div><div class='card'><div class='card-header' role='tab' id='Ressources-supplmentaires-0'><a data-toggle='collapse' data-parent='#accordion0' href='#collapseOneRessources-supplmentaires-0' aria-expanded='false' aria-controls='collapseOneRessources-supplmentaires-0'><h3 class='mb-0'><em class='fas fa-angle-down rotate-icon'><\/em> Ressources suppl\u00e9mentaires<\/h3><\/a><\/div><div id='collapseOneRessources-supplmentaires-0' class='collapse' role='tabpanel' aria-labelledby='collapseOneRessources-supplmentaires-0' data-parent='#accordion0'><div class='card-body'><p>Pratique compl\u00e9mentaire : <a href=\"https:\/\/smho-smso.ca\/fwsecondary\/relations-saines\/lecoute\/ecoute-active-constructive\/\">\u00c9coute active constructive<\/a> (Relations saines)<\/p>\n<\/div><\/div><\/div><div class='card'><div class='card-header' role='tab' id='Adaptations-0'><a data-toggle='collapse' data-parent='#accordion0' href='#collapseOneAdaptations-0' aria-expanded='false' aria-controls='collapseOneAdaptations-0'><h3 class='mb-0'><em class='fas fa-angle-down rotate-icon'><\/em> Adaptations<\/h3><\/a><\/div><div id='collapseOneAdaptations-0' class='collapse' role='tabpanel' aria-labelledby='collapseOneAdaptations-0' data-parent='#accordion0'><div class='card-body'><p>Demandez aux \u00e9l\u00e8ves de r\u00e9fl\u00e9chir \u00e0 un temps sp\u00e9cifique de la semaine pass\u00e9e (ou du jour dernier) au cours duquel il y a eu une diff\u00e9rence d\u2019opinion ou un conflit, et de dire comment ils ont utilis\u00e9 la pratique \u00ab Trouver une solution \u00bb.<\/p>\n<\/div><\/div><\/div><div class='card'><div class='card-header' role='tab' id='Donnes-probantes-0'><a data-toggle='collapse' data-parent='#accordion0' href='#collapseOneDonnes-probantes-0' aria-expanded='false' aria-controls='collapseOneDonnes-probantes-0'><h3 class='mb-0'><em class='fas fa-angle-down rotate-icon'><\/em> Donn\u00e9es probantes<\/h3><\/a><\/div><div id='collapseOneDonnes-probantes-0' class='collapse' role='tabpanel' aria-labelledby='collapseOneDonnes-probantes-0' data-parent='#accordion0'><div class='card-body'><p>Les perceptions des adolescents \u00e0 l\u2019\u00e9gard de leurs propres comp\u00e9tences en mati\u00e8re de r\u00e9solution de probl\u00e8mes influencent leur exp\u00e9rience des sympt\u00f4mes d\u00e9pressifs. La capacit\u00e9 de r\u00e9soudre les probl\u00e8mes en toute confiance sert d\u2019isolant contre les sympt\u00f4mes d\u00e9pressifs et les comportements agressifs (Erdur-Baker, 2009; \u00d6zdemir et al., 2013). Les activit\u00e9s qui permettent aux \u00e9l\u00e8ves de vivre l\u2019exp\u00e9rience de la r\u00e9solution de probl\u00e8mes en collaboration avec leurs pairs leur permettent de b\u00e2tir une confiance qu\u2019ils pourront utiliser ult\u00e9rieurement.<\/p>\n<\/div><\/div><\/div><div class='card'><div class='card-header' role='tab' id='Rfrences-0'><a data-toggle='collapse' data-parent='#accordion0' href='#collapseOneRfrences-0' aria-expanded='false' aria-controls='collapseOneRfrences-0'><h3 class='mb-0'><em class='fas fa-angle-down rotate-icon'><\/em> R\u00e9f\u00e9rences<\/h3><\/a><\/div><div id='collapseOneRfrences-0' class='collapse' role='tabpanel' aria-labelledby='collapseOneRfrences-0' data-parent='#accordion0'><div class='card-body'><p>Erdur-Baker, \u00d6. (2009). Peer victimization, rumination, and problem solving as risk contributors to adolescents&#8217; depressive symptoms. <em>The Journal of psychology, 143<\/em>(1), 78-90.<\/p>\n<p>\u00d6zdemir, Y., Kuzucu, Y., &amp; Koruklu, N. (2013). Social problem solving and aggression: The role of depression. <em>Journal of Psychologists and Counsellors in Schools, 23<\/em>(1), 72-81.<\/p>\n<\/div><\/div><\/div><div class='card'><div class='card-header' role='tab' id='Connexions-au-catholicisme-0'><a data-toggle='collapse' data-parent='#accordion0' href='#collapseOneConnexions-au-catholicisme-0' aria-expanded='false' aria-controls='collapseOneConnexions-au-catholicisme-0'><h3 class='mb-0'><em class='fas fa-angle-down rotate-icon'><\/em> Connexions au catholicisme<\/h3><\/a><\/div><div id='collapseOneConnexions-au-catholicisme-0' class='collapse' role='tabpanel' aria-labelledby='collapseOneConnexions-au-catholicisme-0' data-parent='#accordion0'><div class='card-body'><p>Saint-Paul \u00e9crit que la vie est pleine de d\u00e9fis et que ces d\u00e9fis nous permettent de d\u00e9velopper notre endurance et notre caract\u00e8re.\u00a0 En tant que tel, apprendre \u00e0 r\u00e9soudre efficacement les probl\u00e8mes n\u2019est pas seulement une comp\u00e9tence scolaire, mais aussi spirituelle.\u00a0 La paix et la justice, en plus du pardon et de la mis\u00e9ricorde, sont des composantes de la foi catholique.<\/p>\n<\/div><\/div><\/div><div class='card'><div class='card-header' role='tab' id='Profil-des-finissants-des-coles-catholiques-0'><a data-toggle='collapse' data-parent='#accordion0' href='#collapseOneProfil-des-finissants-des-coles-catholiques-0' aria-expanded='false' aria-controls='collapseOneProfil-des-finissants-des-coles-catholiques-0'><h3 class='mb-0'><em class='fas fa-angle-down rotate-icon'><\/em> Profil des finissants des \u00e9coles catholiques<\/h3><\/a><\/div><div id='collapseOneProfil-des-finissants-des-coles-catholiques-0' class='collapse' role='tabpanel' aria-labelledby='collapseOneProfil-des-finissants-des-coles-catholiques-0' data-parent='#accordion0'><div class='card-body'><p>(2c) Un penseur r\u00e9fl\u00e9chi et cr\u00e9atif qui r\u00e9fl\u00e9chit de mani\u00e8re cr\u00e9atrice pour \u00e9valuer des situations et r\u00e9soudre des probl\u00e8mes.<\/p>\n<p>(1g) Un croyant qui vit chaque jour sa foi dans la communaut\u00e9 catholique, qui d\u00e9veloppe des attitudes et des valeurs fond\u00e9es sur l\u2019enseignement social de l\u2019\u00c9glise et s\u2019emploie \u00e0 promouvoir le bien commun, la responsabilit\u00e9 sociale, la solidarit\u00e9 humaine.<\/p>\n<p>(1i) Un croyant qui vit chaque jour sa foi dans la communaut\u00e9 catholique, qui reconna\u00eet que l&#8217;\u00eatre humain a des limites et des faiblesses et que le pardon en J\u00e9sus-Christ est au c\u0153ur du myst\u00e8re chr\u00e9tien.<\/p>\n<p>(3a) Un communicateur efficace qui fait pr\u00e9vue d\u2019une \u00e9coute active et critique, et ce, afin de comprendre et d\u2019apprendre, \u00e0 la lumi\u00e8re des valeurs \u00e9vang\u00e9liques.<\/p>\n<\/div><\/div><\/div><\/div>\n","protected":false},"excerpt":{"rendered":"<p>Fournir aux \u00e9l\u00e8ves des moyens de trouver des solutions profitables pour les deux parties, en cas de conflits<\/p>\n","protected":false},"author":2,"featured_media":921,"parent":205,"menu_order":0,"comment_status":"closed","ping_status":"closed","template":"practice-template.php","meta":{"_acf_changed":false,"footnotes":""},"categories":[151,115,145,133],"tags":[],"class_list":["post-526","page","type-page","status-publish","has-post-thumbnail","hentry","category-hebdomadaire","category-promouvoir","category-quotidienne","category-relations-saines"],"acf":[],"_links":{"self":[{"href":"https:\/\/smho-smso.ca\/fwsecondary\/wp-json\/wp\/v2\/pages\/526","targetHints":{"allow":["GET"]}}],"collection":[{"href":"https:\/\/smho-smso.ca\/fwsecondary\/wp-json\/wp\/v2\/pages"}],"about":[{"href":"https:\/\/smho-smso.ca\/fwsecondary\/wp-json\/wp\/v2\/types\/page"}],"author":[{"embeddable":true,"href":"https:\/\/smho-smso.ca\/fwsecondary\/wp-json\/wp\/v2\/users\/2"}],"replies":[{"embeddable":true,"href":"https:\/\/smho-smso.ca\/fwsecondary\/wp-json\/wp\/v2\/comments?post=526"}],"version-history":[{"count":7,"href":"https:\/\/smho-smso.ca\/fwsecondary\/wp-json\/wp\/v2\/pages\/526\/revisions"}],"predecessor-version":[{"id":1557,"href":"https:\/\/smho-smso.ca\/fwsecondary\/wp-json\/wp\/v2\/pages\/526\/revisions\/1557"}],"up":[{"embeddable":true,"href":"https:\/\/smho-smso.ca\/fwsecondary\/wp-json\/wp\/v2\/pages\/205"}],"wp:featuredmedia":[{"embeddable":true,"href":"https:\/\/smho-smso.ca\/fwsecondary\/wp-json\/wp\/v2\/media\/921"}],"wp:attachment":[{"href":"https:\/\/smho-smso.ca\/fwsecondary\/wp-json\/wp\/v2\/media?parent=526"}],"wp:term":[{"taxonomy":"category","embeddable":true,"href":"https:\/\/smho-smso.ca\/fwsecondary\/wp-json\/wp\/v2\/categories?post=526"},{"taxonomy":"post_tag","embeddable":true,"href":"https:\/\/smho-smso.ca\/fwsecondary\/wp-json\/wp\/v2\/tags?post=526"}],"curies":[{"name":"wp","href":"https:\/\/api.w.org\/{rel}","templated":true}]}}