{"id":213,"date":"2020-12-04T10:22:43","date_gmt":"2020-12-04T15:22:43","guid":{"rendered":"https:\/\/smho-smso.ca\/fwsecondary\/?page_id=213"},"modified":"2021-03-05T12:23:30","modified_gmt":"2021-03-05T17:23:30","slug":"lecoute","status":"publish","type":"page","link":"https:\/\/smho-smso.ca\/fwsecondary\/relations-saines\/lecoute\/","title":{"rendered":"L\u2019\u00e9coute"},"content":{"rendered":"","protected":false},"excerpt":{"rendered":"<p>L\u2019\u00e9coute active am\u00e9liore l\u2019empathie et l\u2019acceptation des diff\u00e9rences. Les \u00e9l\u00e8ves qui sont capables de bien \u00e9couter les autres sont davantage r\u00e9ceptifs aux besoins et aux perspectives des autres, ce qui peut renforcer les relations sociales.<\/p>\n","protected":false},"author":2,"featured_media":978,"parent":89,"menu_order":0,"comment_status":"closed","ping_status":"closed","template":"child-template.php","meta":{"_acf_changed":false,"footnotes":""},"categories":[],"tags":[],"class_list":["post-213","page","type-page","status-publish","has-post-thumbnail","hentry"],"acf":[],"_links":{"self":[{"href":"https:\/\/smho-smso.ca\/fwsecondary\/wp-json\/wp\/v2\/pages\/213","targetHints":{"allow":["GET"]}}],"collection":[{"href":"https:\/\/smho-smso.ca\/fwsecondary\/wp-json\/wp\/v2\/pages"}],"about":[{"href":"https:\/\/smho-smso.ca\/fwsecondary\/wp-json\/wp\/v2\/types\/page"}],"author":[{"embeddable":true,"href":"https:\/\/smho-smso.ca\/fwsecondary\/wp-json\/wp\/v2\/users\/2"}],"replies":[{"embeddable":true,"href":"https:\/\/smho-smso.ca\/fwsecondary\/wp-json\/wp\/v2\/comments?post=213"}],"version-history":[{"count":1,"href":"https:\/\/smho-smso.ca\/fwsecondary\/wp-json\/wp\/v2\/pages\/213\/revisions"}],"predecessor-version":[{"id":214,"href":"https:\/\/smho-smso.ca\/fwsecondary\/wp-json\/wp\/v2\/pages\/213\/revisions\/214"}],"up":[{"embeddable":true,"href":"https:\/\/smho-smso.ca\/fwsecondary\/wp-json\/wp\/v2\/pages\/89"}],"wp:featuredmedia":[{"embeddable":true,"href":"https:\/\/smho-smso.ca\/fwsecondary\/wp-json\/wp\/v2\/media\/978"}],"wp:attachment":[{"href":"https:\/\/smho-smso.ca\/fwsecondary\/wp-json\/wp\/v2\/media?parent=213"}],"wp:term":[{"taxonomy":"category","embeddable":true,"href":"https:\/\/smho-smso.ca\/fwsecondary\/wp-json\/wp\/v2\/categories?post=213"},{"taxonomy":"post_tag","embeddable":true,"href":"https:\/\/smho-smso.ca\/fwsecondary\/wp-json\/wp\/v2\/tags?post=213"}],"curies":[{"name":"wp","href":"https:\/\/api.w.org\/{rel}","templated":true}]}}