{"id":139,"date":"2020-12-03T17:56:59","date_gmt":"2020-12-03T22:56:59","guid":{"rendered":"https:\/\/smho-smso.ca\/fwsecondary\/?page_id=139"},"modified":"2022-01-26T13:08:23","modified_gmt":"2022-01-26T18:08:23","slug":"la-respiration-profonde","status":"publish","type":"page","link":"https:\/\/smho-smso.ca\/fwsecondary\/gestion-du-stress-et-adaptation\/la-respiration-profonde\/","title":{"rendered":"La respiration profonde"},"content":{"rendered":"","protected":false},"excerpt":{"rendered":"<p>Le fait de pratiquer la respiration profonde plusieurs fois par jour peut aider les \u00e9l\u00e8ves \u00e0 augmenter leur attention, et \u00e0 diminuer leurs sentiments d\u2019anxi\u00e9t\u00e9 et de stress. Elle peut \u00e9galement aider \u00e0 amplifier les sentiments positifs, \u00e0 promouvoir un comportement positif et \u00e0 cr\u00e9er une sensation de calme.<\/p>\n","protected":false},"author":2,"featured_media":910,"parent":76,"menu_order":0,"comment_status":"closed","ping_status":"closed","template":"child-template.php","meta":{"_acf_changed":false,"footnotes":""},"categories":[],"tags":[],"class_list":["post-139","page","type-page","status-publish","has-post-thumbnail","hentry"],"acf":[],"_links":{"self":[{"href":"https:\/\/smho-smso.ca\/fwsecondary\/wp-json\/wp\/v2\/pages\/139","targetHints":{"allow":["GET"]}}],"collection":[{"href":"https:\/\/smho-smso.ca\/fwsecondary\/wp-json\/wp\/v2\/pages"}],"about":[{"href":"https:\/\/smho-smso.ca\/fwsecondary\/wp-json\/wp\/v2\/types\/page"}],"author":[{"embeddable":true,"href":"https:\/\/smho-smso.ca\/fwsecondary\/wp-json\/wp\/v2\/users\/2"}],"replies":[{"embeddable":true,"href":"https:\/\/smho-smso.ca\/fwsecondary\/wp-json\/wp\/v2\/comments?post=139"}],"version-history":[{"count":1,"href":"https:\/\/smho-smso.ca\/fwsecondary\/wp-json\/wp\/v2\/pages\/139\/revisions"}],"predecessor-version":[{"id":140,"href":"https:\/\/smho-smso.ca\/fwsecondary\/wp-json\/wp\/v2\/pages\/139\/revisions\/140"}],"up":[{"embeddable":true,"href":"https:\/\/smho-smso.ca\/fwsecondary\/wp-json\/wp\/v2\/pages\/76"}],"wp:featuredmedia":[{"embeddable":true,"href":"https:\/\/smho-smso.ca\/fwsecondary\/wp-json\/wp\/v2\/media\/910"}],"wp:attachment":[{"href":"https:\/\/smho-smso.ca\/fwsecondary\/wp-json\/wp\/v2\/media?parent=139"}],"wp:term":[{"taxonomy":"category","embeddable":true,"href":"https:\/\/smho-smso.ca\/fwsecondary\/wp-json\/wp\/v2\/categories?post=139"},{"taxonomy":"post_tag","embeddable":true,"href":"https:\/\/smho-smso.ca\/fwsecondary\/wp-json\/wp\/v2\/tags?post=139"}],"curies":[{"name":"wp","href":"https:\/\/api.w.org\/{rel}","templated":true}]}}