{"id":383,"date":"2021-02-03T18:18:19","date_gmt":"2021-02-03T23:18:19","guid":{"rendered":"https:\/\/smho-smso.ca\/emhcsecondary\/?page_id=383"},"modified":"2021-03-09T16:32:29","modified_gmt":"2021-03-09T21:32:29","slug":"lorganisation","status":"publish","type":"page","link":"https:\/\/smho-smso.ca\/emhcsecondary\/pensee-critique-et-creative-fonctions-executives\/lorganisation\/","title":{"rendered":"L\u2019organisation"},"content":{"rendered":"","protected":false},"excerpt":{"rendered":"<p>Le d\u00e9veloppement d\u2019une culture de classe qui appr\u00e9cie et encourage l\u2019organisation peut favoriser les comp\u00e9tences individuelles de chaque \u00e9l\u00e8ve ainsi que leur r\u00e9ussite acad\u00e9mique. Les comp\u00e9tences organisationnelles aident \u00e0 fa\u00e7onner des habitudes d\u2019apprentissage positives chez les \u00e9l\u00e8ves.<\/p>\n","protected":false},"author":2,"featured_media":735,"parent":369,"menu_order":0,"comment_status":"closed","ping_status":"closed","template":"child-template.php","meta":{"_acf_changed":false,"footnotes":"","_links_to":"","_links_to_target":""},"categories":[],"tags":[],"class_list":["post-383","page","type-page","status-publish","has-post-thumbnail","hentry"],"acf":[],"_links":{"self":[{"href":"https:\/\/smho-smso.ca\/emhcsecondary\/wp-json\/wp\/v2\/pages\/383","targetHints":{"allow":["GET"]}}],"collection":[{"href":"https:\/\/smho-smso.ca\/emhcsecondary\/wp-json\/wp\/v2\/pages"}],"about":[{"href":"https:\/\/smho-smso.ca\/emhcsecondary\/wp-json\/wp\/v2\/types\/page"}],"author":[{"embeddable":true,"href":"https:\/\/smho-smso.ca\/emhcsecondary\/wp-json\/wp\/v2\/users\/2"}],"replies":[{"embeddable":true,"href":"https:\/\/smho-smso.ca\/emhcsecondary\/wp-json\/wp\/v2\/comments?post=383"}],"version-history":[{"count":1,"href":"https:\/\/smho-smso.ca\/emhcsecondary\/wp-json\/wp\/v2\/pages\/383\/revisions"}],"predecessor-version":[{"id":384,"href":"https:\/\/smho-smso.ca\/emhcsecondary\/wp-json\/wp\/v2\/pages\/383\/revisions\/384"}],"up":[{"embeddable":true,"href":"https:\/\/smho-smso.ca\/emhcsecondary\/wp-json\/wp\/v2\/pages\/369"}],"wp:featuredmedia":[{"embeddable":true,"href":"https:\/\/smho-smso.ca\/emhcsecondary\/wp-json\/wp\/v2\/media\/735"}],"wp:attachment":[{"href":"https:\/\/smho-smso.ca\/emhcsecondary\/wp-json\/wp\/v2\/media?parent=383"}],"wp:term":[{"taxonomy":"category","embeddable":true,"href":"https:\/\/smho-smso.ca\/emhcsecondary\/wp-json\/wp\/v2\/categories?post=383"},{"taxonomy":"post_tag","embeddable":true,"href":"https:\/\/smho-smso.ca\/emhcsecondary\/wp-json\/wp\/v2\/tags?post=383"}],"curies":[{"name":"wp","href":"https:\/\/api.w.org\/{rel}","templated":true}]}}