{"id":345,"date":"2021-02-03T17:57:30","date_gmt":"2021-02-03T22:57:30","guid":{"rendered":"https:\/\/smho-smso.ca\/emhcsecondary\/?page_id=345"},"modified":"2021-03-09T13:03:39","modified_gmt":"2021-03-09T18:03:39","slug":"la-salle-de-classe-calme","status":"publish","type":"page","link":"https:\/\/smho-smso.ca\/emhcsecondary\/gestion-du-stress-et-adaptation\/la-salle-de-classe-calme\/","title":{"rendered":"La salle de classe calme"},"content":{"rendered":"","protected":false},"excerpt":{"rendered":"<p>Pratiquer des strat\u00e9gies pour d\u00e9velopper un sentiment de calme peut aider \u00e0 renforcer les comp\u00e9tences li\u00e9es \u00e0 l\u2019autor\u00e9gulation et au contr\u00f4le de l\u2019attention, ainsi qu\u2019\u00e0 la gestion de classe. Le calme en classe est bon pour tous, mais il s&#8217;av\u00e8re particuli\u00e8rement b\u00e9n\u00e9fique pour les \u00e9l\u00e8ves qui ont besoin d&#8217;un environnement pr\u00e9visible et stable pour r\u00e9ussir.<\/p>\n","protected":false},"author":2,"featured_media":644,"parent":347,"menu_order":0,"comment_status":"closed","ping_status":"closed","template":"child-template.php","meta":{"_acf_changed":false,"footnotes":"","_links_to":"","_links_to_target":""},"categories":[],"tags":[],"class_list":["post-345","page","type-page","status-publish","has-post-thumbnail","hentry"],"acf":[],"_links":{"self":[{"href":"https:\/\/smho-smso.ca\/emhcsecondary\/wp-json\/wp\/v2\/pages\/345","targetHints":{"allow":["GET"]}}],"collection":[{"href":"https:\/\/smho-smso.ca\/emhcsecondary\/wp-json\/wp\/v2\/pages"}],"about":[{"href":"https:\/\/smho-smso.ca\/emhcsecondary\/wp-json\/wp\/v2\/types\/page"}],"author":[{"embeddable":true,"href":"https:\/\/smho-smso.ca\/emhcsecondary\/wp-json\/wp\/v2\/users\/2"}],"replies":[{"embeddable":true,"href":"https:\/\/smho-smso.ca\/emhcsecondary\/wp-json\/wp\/v2\/comments?post=345"}],"version-history":[{"count":1,"href":"https:\/\/smho-smso.ca\/emhcsecondary\/wp-json\/wp\/v2\/pages\/345\/revisions"}],"predecessor-version":[{"id":346,"href":"https:\/\/smho-smso.ca\/emhcsecondary\/wp-json\/wp\/v2\/pages\/345\/revisions\/346"}],"up":[{"embeddable":true,"href":"https:\/\/smho-smso.ca\/emhcsecondary\/wp-json\/wp\/v2\/pages\/347"}],"wp:featuredmedia":[{"embeddable":true,"href":"https:\/\/smho-smso.ca\/emhcsecondary\/wp-json\/wp\/v2\/media\/644"}],"wp:attachment":[{"href":"https:\/\/smho-smso.ca\/emhcsecondary\/wp-json\/wp\/v2\/media?parent=345"}],"wp:term":[{"taxonomy":"category","embeddable":true,"href":"https:\/\/smho-smso.ca\/emhcsecondary\/wp-json\/wp\/v2\/categories?post=345"},{"taxonomy":"post_tag","embeddable":true,"href":"https:\/\/smho-smso.ca\/emhcsecondary\/wp-json\/wp\/v2\/tags?post=345"}],"curies":[{"name":"wp","href":"https:\/\/api.w.org\/{rel}","templated":true}]}}