{"id":1268,"date":"2020-05-14T22:16:05","date_gmt":"2020-05-15T02:16:05","guid":{"rendered":"https:\/\/smho-smso.ca\/emhc\/?page_id=1268"},"modified":"2021-09-01T11:19:17","modified_gmt":"2021-09-01T15:19:17","slug":"petits-objectifs","status":"publish","type":"page","link":"https:\/\/smho-smso.ca\/emhc\/pensee-critique-et-creative-fonctions-executives\/fixer-des-objectifs\/petits-objectifs\/","title":{"rendered":"Petits objectifs"},"content":{"rendered":"\n<div class='accordion md-accordion' id='accordion0' role='tablist' aria-multiselectable='true'><div class='card'><div class='card-header' role='tab' id='Instructions-0'><a data-toggle='collapse' data-parent='#accordion0' href='#collapseOneInstructions-0' aria-expanded='true' aria-controls='collapseOneInstructions-0'><h3 class='mb-0'><em class='fas fa-angle-down rotate-icon'><\/em> Instructions<\/h3><\/a><\/div><div id='collapseOneInstructions-0' class='collapse show' role='tabpanel' aria-labelledby='collapseOneInstructions-0' data-parent='#accordion0'><div class='card-body'><p>Donnez \u00e0 chaque \u00e9l\u00e8ve une note autocollante.<\/p>\n<p><strong>Indiquez aux \u00e9l\u00e8ves : <\/strong><\/p>\n<ul>\n<li>D\u2019identifier un objectif pour la le\u00e7on\/p\u00e9riode (p. ex., Je vais compl\u00e9ter le plan provisoire pour mon paragraphe).<\/li>\n<li>D\u2019\u00e9crire l\u2019objectif sur la note autocollante.<\/li>\n<\/ul>\n<p><strong>Appuyez\u00a0:<\/strong><\/p>\n<p>Pendant que les \u00e9l\u00e8ves font leur travail, identifiez ce que l\u2019\u00e9l\u00e8ve a l\u2019intention de compl\u00e9ter et discutez-en au besoin.<\/p>\n<p><strong>Demandez-leur<\/strong> :<\/p>\n<ul>\n<li>De relire leur objectif.<\/li>\n<li>De s\u2019auto-\u00e9valuer pour voir si l\u2019objectif \u00e9tait r\u00e9aliste ou non.<\/li>\n<li>De d\u00e9terminer ce qu\u2019ils auraient pu faire diff\u00e9remment ou ce qu\u2019il leur reste encore \u00e0 faire la prochaine fois.<\/li>\n<\/ul>\n<\/div><\/div><\/div><div class='card'><div class='card-header' role='tab' id='Ressources-supplmentaires-0'><a data-toggle='collapse' data-parent='#accordion0' href='#collapseOneRessources-supplmentaires-0' aria-expanded='false' aria-controls='collapseOneRessources-supplmentaires-0'><h3 class='mb-0'><em class='fas fa-angle-down rotate-icon'><\/em> Ressources suppl\u00e9mentaires<\/h3><\/a><\/div><div id='collapseOneRessources-supplmentaires-0' class='collapse' role='tabpanel' aria-labelledby='collapseOneRessources-supplmentaires-0' data-parent='#accordion0'><div class='card-body'><ul>\n<li>Pratique compl\u00e9mentaire :\n<ul>\n<li><a href=\"https:\/\/smho-smso.ca\/emhc\/pensee-critique-et-creative-fonctions-executives\/la-prise-de-decisions\/rayez-le-de-la-liste\/\">Rayez-le de la liste<\/a> (Pens\u00e9e critique et cr\u00e9ative (fonctions ex\u00e9cutives))<\/li>\n<\/ul>\n<\/li>\n<\/ul>\n<\/div><\/div><\/div><div class='card'><div class='card-header' role='tab' id='Adaptations-0'><a data-toggle='collapse' data-parent='#accordion0' href='#collapseOneAdaptations-0' aria-expanded='false' aria-controls='collapseOneAdaptations-0'><h3 class='mb-0'><em class='fas fa-angle-down rotate-icon'><\/em> Adaptations<\/h3><\/a><\/div><div id='collapseOneAdaptations-0' class='collapse' role='tabpanel' aria-labelledby='collapseOneAdaptations-0' data-parent='#accordion0'><div class='card-body'><ul>\n<li>Utilisez un organisateur graphique ou un journal pour fixer r\u00e9guli\u00e8rement des objectifs.<\/li>\n<li>Placez un mini-tableau blanc, des notes autocollantes ou un bloc-notes sur chaque pupitre et faites de cette pratique une activit\u00e9 r\u00e9guli\u00e8re.<\/li>\n<\/ul>\n<\/div><\/div><\/div><div class='card'><div class='card-header' role='tab' id='Donnes-probantes-0'><a data-toggle='collapse' data-parent='#accordion0' href='#collapseOneDonnes-probantes-0' aria-expanded='false' aria-controls='collapseOneDonnes-probantes-0'><h3 class='mb-0'><em class='fas fa-angle-down rotate-icon'><\/em> Donn\u00e9es probantes<\/h3><\/a><\/div><div id='collapseOneDonnes-probantes-0' class='collapse' role='tabpanel' aria-labelledby='collapseOneDonnes-probantes-0' data-parent='#accordion0'><div class='card-body'><p>Dans le contexte acad\u00e9mique, se fixer des objectifs et l\u2019autosurveillance sont des comp\u00e9tences essentielles pour renforcer la capacit\u00e9 organisationnelle de l\u2019\u00e9l\u00e8ve. Les comp\u00e9tences organisationnelles sont intimement li\u00e9es \u00e0 la r\u00e9ussite scolaire et, par cons\u00e9quent, le fait d\u2019enseigner ces comp\u00e9tences \u00e0 un \u00e9l\u00e8ve augmente son potentiel de r\u00e9ussite! (Anderson, Munk, Young, Conley &amp; Caldarella, 2008;; Boller, 2008).<\/p>\n<\/div><\/div><\/div><div class='card'><div class='card-header' role='tab' id='Rfrences-0'><a data-toggle='collapse' data-parent='#accordion0' href='#collapseOneRfrences-0' aria-expanded='false' aria-controls='collapseOneRfrences-0'><h3 class='mb-0'><em class='fas fa-angle-down rotate-icon'><\/em> R\u00e9f\u00e9rences<\/h3><\/a><\/div><div id='collapseOneRfrences-0' class='collapse' role='tabpanel' aria-labelledby='collapseOneRfrences-0' data-parent='#accordion0'><div class='card-body'><p>Anderson, D. H., Munk, J. A. H., Young, K. R., Conley, L., &amp; Caldarella, P. (2008). Teaching organizational skills to promote academic achievement in behaviorally challenged students. <em>Teaching Exceptional Children, 40<\/em>(4), 6-13.<\/p>\n<p>Boller, B. (2008). Teaching organizational skills in middle school: Moving toward independence. <em>The Clearing House: A Journal of Educational Strategies, Issues and Ideas, 81<\/em>(4), 169-171.<\/p>\n<\/div><\/div><\/div><\/div>\n","protected":false},"excerpt":{"rendered":"<p>Aider les \u00e9l\u00e8ves \u00e0 d\u00e9velopper leur capacit\u00e9 \u00e0 se fixer des objectifs et \u00e0 comprendre que les objectifs sont r\u00e9partis en plusieurs petites \u00e9tapes<\/p>\n","protected":false},"author":2,"featured_media":1269,"parent":1029,"menu_order":0,"comment_status":"closed","ping_status":"closed","template":"practice-template.php","meta":{"_acf_changed":false,"footnotes":""},"categories":[235,93,95,241,69,97,233],"tags":[],"class_list":["post-1268","page","type-page","status-publish","has-post-thumbnail","hentry","category-comprendre","category-intermediaire","category-moyen","category-option-virtuelle","category-pensee-critique-et-creative-fonction-executive","category-primaire","category-promouvoir"],"acf":[],"_links":{"self":[{"href":"https:\/\/smho-smso.ca\/emhc\/wp-json\/wp\/v2\/pages\/1268","targetHints":{"allow":["GET"]}}],"collection":[{"href":"https:\/\/smho-smso.ca\/emhc\/wp-json\/wp\/v2\/pages"}],"about":[{"href":"https:\/\/smho-smso.ca\/emhc\/wp-json\/wp\/v2\/types\/page"}],"author":[{"embeddable":true,"href":"https:\/\/smho-smso.ca\/emhc\/wp-json\/wp\/v2\/users\/2"}],"replies":[{"embeddable":true,"href":"https:\/\/smho-smso.ca\/emhc\/wp-json\/wp\/v2\/comments?post=1268"}],"version-history":[{"count":9,"href":"https:\/\/smho-smso.ca\/emhc\/wp-json\/wp\/v2\/pages\/1268\/revisions"}],"predecessor-version":[{"id":3078,"href":"https:\/\/smho-smso.ca\/emhc\/wp-json\/wp\/v2\/pages\/1268\/revisions\/3078"}],"up":[{"embeddable":true,"href":"https:\/\/smho-smso.ca\/emhc\/wp-json\/wp\/v2\/pages\/1029"}],"wp:featuredmedia":[{"embeddable":true,"href":"https:\/\/smho-smso.ca\/emhc\/wp-json\/wp\/v2\/media\/1269"}],"wp:attachment":[{"href":"https:\/\/smho-smso.ca\/emhc\/wp-json\/wp\/v2\/media?parent=1268"}],"wp:term":[{"taxonomy":"category","embeddable":true,"href":"https:\/\/smho-smso.ca\/emhc\/wp-json\/wp\/v2\/categories?post=1268"},{"taxonomy":"post_tag","embeddable":true,"href":"https:\/\/smho-smso.ca\/emhc\/wp-json\/wp\/v2\/tags?post=1268"}],"curies":[{"name":"wp","href":"https:\/\/api.w.org\/{rel}","templated":true}]}}