{"id":1255,"date":"2020-05-14T22:06:39","date_gmt":"2020-05-15T02:06:39","guid":{"rendered":"https:\/\/smho-smso.ca\/emhc\/?page_id=1255"},"modified":"2021-09-01T10:48:31","modified_gmt":"2021-09-01T14:48:31","slug":"salutations-quotidiennes","status":"publish","type":"page","link":"https:\/\/smho-smso.ca\/emhc\/conscience-de-soi-et-sentiment-didentite-personnelle\/compter-pour-les-autres\/salutations-quotidiennes\/","title":{"rendered":"Salutations quotidiennes"},"content":{"rendered":"\n<div class='accordion md-accordion' id='accordion0' role='tablist' aria-multiselectable='true'><div class='card'><div class='card-header' role='tab' id='Instructions-0'><a data-toggle='collapse' data-parent='#accordion0' href='#collapseOneInstructions-0' aria-expanded='true' aria-controls='collapseOneInstructions-0'><h3 class='mb-0'><em class='fas fa-angle-down rotate-icon'><\/em> Instructions<\/h3><\/a><\/div><div id='collapseOneInstructions-0' class='collapse show' role='tabpanel' aria-labelledby='collapseOneInstructions-0' data-parent='#accordion0'><div class='card-body'><p>Saluez les \u00e9l\u00e8ves chaque jour \u00e0 leur arriv\u00e9e \u00e0 l\u2019\u00e9cole ou en classe, et lors des moments de transition.<\/p>\n<p>Les salutations peuvent inclure\u00a0:<\/p>\n<ul>\n<li>Appliquer la r\u00e8gle des 5 x 10\u00a0:\n<ul>\n<li>Si quelqu\u2019un est \u00e0 moins de 10 pieds, \u00e9tablissez un contact visuel et souriez.<\/li>\n<li>S\u2019ils sont \u00e0 moins de cinq pieds, dites bonjour!<\/li>\n<\/ul>\n<\/li>\n<li><span class=\"TextRun SCXW1594268 BCX0\" lang=\"FR-FR\" xml:lang=\"FR-FR\" data-contrast=\"auto\"><span class=\"NormalTextRun SCXW1594268 BCX0\">Se dire \u00ab\u202fallo\u202f\u00bb dans une langue diff\u00e9rente toutes les semaines et inviter tout le monde \u00e0 y participer.<\/span><\/span><\/li>\n<li>Utiliser un message d\u2019accueil dans la langue maternelle de l\u2019\u00e9l\u00e8ve.<\/li>\n<\/ul>\n<p>Utiliser des \u00e9l\u00e9ments visuels ou une affiche avec diverses fa\u00e7ons de faire l&#8217;accueil et laisser les \u00e9l\u00e8ves choisir (p. ex., poing-\u00e0-poing, poign\u00e9e de main, sourire, danse, tape-l\u00e0). Affichez-les \u00e0 l&#8217;entr\u00e9e de la classe.<\/p>\n<\/div><\/div><\/div><div class='card'><div class='card-header' role='tab' id='Ressources-supplmentaires-0'><a data-toggle='collapse' data-parent='#accordion0' href='#collapseOneRessources-supplmentaires-0' aria-expanded='false' aria-controls='collapseOneRessources-supplmentaires-0'><h3 class='mb-0'><em class='fas fa-angle-down rotate-icon'><\/em> Ressources suppl\u00e9mentaires<\/h3><\/a><\/div><div id='collapseOneRessources-supplmentaires-0' class='collapse' role='tabpanel' aria-labelledby='collapseOneRessources-supplmentaires-0' data-parent='#accordion0'><div class='card-body'><p>Vid\u00e9o: L&#8217;enseignant accueillant ses \u00e9l\u00e8ves avec un high-five personnalis\u00e9<\/p>\n<p><iframe loading=\"lazy\" src=\"https:\/\/player.vimeo.com\/video\/401226947?dnt=1&amp;app_id=122963\" width=\"500\" height=\"281\" frameborder=\"0\" allow=\"autoplay; fullscreen; picture-in-picture; clipboard-write\"><\/iframe><\/p>\n<\/div><\/div><\/div><div class='card'><div class='card-header' role='tab' id='Adaptations-0'><a data-toggle='collapse' data-parent='#accordion0' href='#collapseOneAdaptations-0' aria-expanded='false' aria-controls='collapseOneAdaptations-0'><h3 class='mb-0'><em class='fas fa-angle-down rotate-icon'><\/em> Adaptations<\/h3><\/a><\/div><div id='collapseOneAdaptations-0' class='collapse' role='tabpanel' aria-labelledby='collapseOneAdaptations-0' data-parent='#accordion0'><div class='card-body'><ul>\n<li>Prenez le temps de r\u00e9fl\u00e9chir \u00e0 des fa\u00e7ons cr\u00e9atives de vous accueillir les uns les autres.<\/li>\n<li>Demander aux \u00e9l\u00e8ves comment ils aimeraient \u00eatre accueillis, leur laisser choisir la langue ou le geste.<\/li>\n<\/ul>\n<\/div><\/div><\/div><div class='card'><div class='card-header' role='tab' id='Donnes-probantes-0'><a data-toggle='collapse' data-parent='#accordion0' href='#collapseOneDonnes-probantes-0' aria-expanded='false' aria-controls='collapseOneDonnes-probantes-0'><h3 class='mb-0'><em class='fas fa-angle-down rotate-icon'><\/em> Donn\u00e9es probantes<\/h3><\/a><\/div><div id='collapseOneDonnes-probantes-0' class='collapse' role='tabpanel' aria-labelledby='collapseOneDonnes-probantes-0' data-parent='#accordion0'><div class='card-body'><p>Les \u00e9l\u00e8ves b\u00e9n\u00e9ficient de savoir qu\u2019ils comptent pour un adulte ainsi que leurs pairs. Encourager les \u00e9l\u00e8ves \u00e0 d\u00e9velopper des relations avec le personnel et les \u00e9l\u00e8ves les aidera \u00e0 approfondir leur sentiment d\u2019appartenance \u00e0 l\u2019\u00e9cole et cr\u00e9era des occasions d\u2019apprentissage accru, de d\u00e9veloppement des comp\u00e9tences et des avantages globaux d\u00e9coulant des relations saines (Bergin et Bergin, 2009, Roorda et al. 2011, McNeely et Falci, 2004).<\/p>\n<\/div><\/div><\/div><div class='card'><div class='card-header' role='tab' id='Rfrences-0'><a data-toggle='collapse' data-parent='#accordion0' href='#collapseOneRfrences-0' aria-expanded='false' aria-controls='collapseOneRfrences-0'><h3 class='mb-0'><em class='fas fa-angle-down rotate-icon'><\/em> R\u00e9f\u00e9rences<\/h3><\/a><\/div><div id='collapseOneRfrences-0' class='collapse' role='tabpanel' aria-labelledby='collapseOneRfrences-0' data-parent='#accordion0'><div class='card-body'><p>Bergin, C., &amp; Bergin, D. (2009). Attachment in the classroom. <em>Educational Psychology Review, 21<\/em>(2), 141-170.<\/p>\n<p>McNeely, C., &amp; Falci, C. (2004). School connectedness and the transition into and out of health-risk behavior among adolescents: A comparison of social belonging and teacher support. <em>The Journal of School Health, 74<\/em>(7), 284-92.<\/p>\n<p>Roorda, D. L., Koomen, H. M., Spilt, J. L., &amp; Oort, F. J. (2011). The influence of affective teacher\u2013student relationships on students\u2019 school engagement and achievement: A meta-analytic approach. <em>Review of educational research, 81<\/em>(4), 493-529.<\/p>\n<\/div><\/div><\/div><\/div>\n","protected":false},"excerpt":{"rendered":"<p>Reconna\u00eetre et accueillir les \u00e9l\u00e8ves en leur montrant qu\u2019ils sont valoris\u00e9s, c\u00e9l\u00e9brer la diversit\u00e9 et l\u2019unicit\u00e9, et montrer l\u2019importance de prendre du temps pour \u00e9tablir des relations \u00e0 l\u2019\u00e9cole<\/p>\n","protected":false},"author":2,"featured_media":1256,"parent":1024,"menu_order":0,"comment_status":"closed","ping_status":"closed","template":"practice-template.php","meta":{"_acf_changed":false,"footnotes":""},"categories":[237,99,77,101,93,95,241,103,97],"tags":[],"class_list":["post-1255","page","type-page","status-publish","has-post-thumbnail","hentry","category-accueillir","category-aucun-materiel-requis","category-conscience-de-soi-et-sentiment-didentite-personnelle","category-enseignants-suppleants","category-intermediaire","category-moyen","category-option-virtuelle","category-peut-se-faire-a-lexterieur","category-primaire"],"acf":[],"_links":{"self":[{"href":"https:\/\/smho-smso.ca\/emhc\/wp-json\/wp\/v2\/pages\/1255","targetHints":{"allow":["GET"]}}],"collection":[{"href":"https:\/\/smho-smso.ca\/emhc\/wp-json\/wp\/v2\/pages"}],"about":[{"href":"https:\/\/smho-smso.ca\/emhc\/wp-json\/wp\/v2\/types\/page"}],"author":[{"embeddable":true,"href":"https:\/\/smho-smso.ca\/emhc\/wp-json\/wp\/v2\/users\/2"}],"replies":[{"embeddable":true,"href":"https:\/\/smho-smso.ca\/emhc\/wp-json\/wp\/v2\/comments?post=1255"}],"version-history":[{"count":9,"href":"https:\/\/smho-smso.ca\/emhc\/wp-json\/wp\/v2\/pages\/1255\/revisions"}],"predecessor-version":[{"id":3061,"href":"https:\/\/smho-smso.ca\/emhc\/wp-json\/wp\/v2\/pages\/1255\/revisions\/3061"}],"up":[{"embeddable":true,"href":"https:\/\/smho-smso.ca\/emhc\/wp-json\/wp\/v2\/pages\/1024"}],"wp:featuredmedia":[{"embeddable":true,"href":"https:\/\/smho-smso.ca\/emhc\/wp-json\/wp\/v2\/media\/1256"}],"wp:attachment":[{"href":"https:\/\/smho-smso.ca\/emhc\/wp-json\/wp\/v2\/media?parent=1255"}],"wp:term":[{"taxonomy":"category","embeddable":true,"href":"https:\/\/smho-smso.ca\/emhc\/wp-json\/wp\/v2\/categories?post=1255"},{"taxonomy":"post_tag","embeddable":true,"href":"https:\/\/smho-smso.ca\/emhc\/wp-json\/wp\/v2\/tags?post=1255"}],"curies":[{"name":"wp","href":"https:\/\/api.w.org\/{rel}","templated":true}]}}